 -2*w - 4*v + 32, -5*v - 56 = t*w. What are the prime factors of ((-6)/w)/(2/258)?
43
Let d(b) = -407*b - 63. What are the prime factors of d(-2)?
751
Let g = -155 - -198. What are the prime factors of g?
43
Suppose 0 = -9*l + 4*l. Suppose l = 2*z - 249 + 11. Let w = z + -67. What are the prime factors of w?
2, 13
Let r be ((-24)/(-15))/((-2)/(-55)). Suppose 5*k + 2*b + 2*b = -r, 5*k = -5*b - 45. Let t = 36 + k. List the prime factors of t.
2, 7
Suppose -3 - 11 = -r. Suppose 6*s - 4 = 10*s. Let j = r + s. List the prime factors of j.
13
Let t(g) = -g + 110. List the prime factors of t(-15).
5
Let b(u) = -u**2 - 7*u - 6. Let f be b(-6). Suppose 7*r - 671 - 64 = f. List the prime factors of r.
3, 5, 7
Suppose 4*o - 6651 = -3*y, 5*o + 28*y - 8307 = 31*y. What are the prime factors of o?
2, 3, 277
Let d be (6/15)/(2/(-50)). Let u be 0/(-2) - d/(-1). List the prime factors of (-95 - 1)*5/u.
2, 3
Suppose -249*g = -245*g - 7916. What are the prime factors of g?
1979
Suppose 3*s = 2*p + 2*s - 7, 0 = -3*s + 9. What are the prime factors of (p/(-20) - (-785)/4) + -4?
2, 3
Let j = -2 + -9. Let r(m) = -3*m - 2. Let b be r(j). Suppose -c + 19 = 2*h - b, -3*h = -c + 45. What are the prime factors of c?
2, 3
Let r be 4*4/8 - 19. Let d = 17 + r. Let t(b) = b**3 - b**2 + b + 33. List the prime factors of t(d).
3, 11
Let b = 22 + -23. Let s be 0/(5 + b - 8). Suppose s*p + 30 = 2*p. What are the prime factors of p?
3, 5
Suppose g + 4 - 13 = 0. Suppose g = 3*a + 177. Let w = a + 94. List the prime factors of w.
2, 19
What are the prime factors of (2 - -2)*(4 + -5) - -1324?
2, 3, 5, 11
List the prime factors of (8/10)/(1 + 1043/(-1050)).
2, 3, 5
List the prime factors of 425/170*(0 + (-12636)/(-10)).
3, 13
Let m be -12*3*(-1)/9. Let y(v) = 3*v - 5. What are the prime factors of y(m)?
7
Let i be (2/(-5))/2 - (-1201)/5. Suppose b - i = -4*b. List the prime factors of b.
2, 3
Suppose 6*p = p - n + 3711, 3*p - 2*n - 2237 = 0. What are the prime factors of p?
743
Let i = 29 - 25. Let b = 4 - i. Suppose b = -2*t - t + 51. What are the prime factors of t?
17
Let d(o) = -24*o + 68. Let x(b) = b + 13. Let h be x(-11). Let w(p) = -6*p + 17. Let i(g) = h*d(g) - 9*w(g). What are the prime factors of i(5)?
13
Suppose 5*q + 4*v = -0*q + 7825, -1565 = -q + 4*v. List the prime factors of q.
5, 313
Let l(r) = 99*r - 49. What are the prime factors of l(9)?
2, 421
Let w = -1698 + 2600. What are the prime factors of w?
2, 11, 41
Suppose 40 = 17*b - 7*b. Let i(c) = 2*c**3 + c**2 - 2*c + 1. Let j be i(1). Suppose 0 = j*u, -b*u + 51 = 4*l - l. List the prime factors of l.
17
Let t(j) = 50*j**2 + 12*j - 2. List the prime factors of t(3).
2, 11
Suppose -3*x - x = 88. Let f(t) = -t**2 - 25*t + 22. What are the prime factors of f(x)?
2, 11
Let a(w) = 37*w - 5. Let p(m) = -445*m + 60. Let h(l) = -25*a(l) - 2*p(l). List the prime factors of h(-1).
2, 5
Let b be ((-3)/(-2))/(12/16). Suppose 2*m + s = 3*s + 190, b*s + 8 = 0. What are the prime factors of m?
7, 13
Let w = -360 - -618. List the prime factors of w.
2, 3, 43
Let o be 9 - (-2)/(4/6). Let q = o + -8. Let p(d) = -d**3 + 5*d**2 - 3. What are the prime factors of p(q)?
13
List the prime factors of (-877302)/(-611) + 6/39.
2, 359
Let z = 339 + 105. List the prime factors of z.
2, 3, 37
Let c(h) = h**3 + h**2 + 13. Let q be c(0). Let k = 15 - q. Suppose -k*m = -4 - 6. List the prime factors of m.
5
Suppose 2*u + 2 = 4*b, 5*u = 2*b - 0*u + 19. Suppose -o - b = 1. List the prime factors of 95/4 - (-3)/o.
23
Let o be (45/(-25))/((-3)/15). Suppose -278 = -o*n + 361. List the prime factors of n.
71
Let l(r) = r**3 + 10*r**2 + 13*r + 5. Let h be l(-9). Let b = h - -16. Let z = b - -28. What are the prime factors of z?
13
Let t = -629 - -1401. What are the prime factors of t?
2, 193
Let p = 7 + -2. Suppose -p*w + z + 89 = 0, 3*w + 9 = -3*z + 48. List the prime factors of w.
17
Let l = 3796 + -1503. What are the prime factors of l?
2293
Suppose 3*n - 4*g = -0*g - 44, -5*n - 5*g = 15. Let j(w) = w - 5. Let y(u) = 1. Let o(z) = -2*j(z) - 9*y(z). What are the prime factors of o(n)?
17
Let j be -2 + 6/2 + -1. Suppose j = 2*y - y - 59. Let p = 82 - y. What are the prime factors of p?
23
Let q = 19 - 7. Suppose -4*t - 4 = -q. Let j = t - -7. What are the prime factors of j?
3
Let w be 27*((-15)/3)/15. What are the prime factors of ((-57)/2)/(w/24)?
2, 19
Let n be 4/6 - (-8)/6. Let d be (10 + (-3)/1)*n. Suppose -2*t - 3*t = 5*b - 80, -3*b = t - d. List the prime factors of t.
17
Suppose f - 4*f + 6 = 0. Let v be (-3)/(f - 1/2). What are the prime factors of (76/(-8))/(1/v)?
19
Let g be 62 - ((-8)/(-4) - 2). Let h = 138 - g. List the prime factors of h.
2, 19
Let y = -1323 + 3020. List the prime factors of y.
1697
Let i(s) = 234*s**3 - s**2 - s + 1. Let z be i(1). Let y = z - 133. List the prime factors of y.
2, 5
Let a(z) = z**2 + 9*z + 3. Suppose 0 = 4*n - 7 + 43. Let b be a(n). Suppose -b*h + 19 = 5*d, 3*d + 10 + 1 = h. List the prime factors of h.
2
Let p(s) = s + 17. Suppose -2*c - 4 = 8. What are the prime factors of p(c)?
11
Let o be (3/3)/(5/(-5)). Let p = 4 - o. Let i(d) = d**3 - 4*d**2 + 3*d. List the prime factors of i(p).
2, 5
Suppose -1 = -u + 5. Let t(z) = z**2 + 6*z - 2. What are the prime factors of t(u)?
2, 5, 7
Let z(x) = x**2 - 19*x - 11. List the prime factors of z(22).
5, 11
Let d = -5 - -12. Suppose 32 = a - d. What are the prime factors of a?
3, 13
Let r = 119 + -119. Suppose 0*t + t + 1 = r, -661 = -3*a - 5*t. What are the prime factors of a?
2, 3, 37
Suppose 61*p + 5 = 62*p. What are the prime factors of (8/(-60)*-537)/(2/p)?
179
Suppose -2*x + 682 = 168. What are the prime factors of x?
257
Let m(v) = -v**3 + 31*v**2 + 29*v - 52. List the prime factors of m(31).
7, 11
Let v(y) = -56*y - 40. What are the prime factors of v(-2)?
2, 3
Suppose 63*h - 50*h = 10452. List the prime factors of h.
2, 3, 67
Let x(q) = -2*q**2 - 13*q - 29. Let n be x(-4). Let d be 28/6*(-1 - -4). Let l = n + d. What are the prime factors of l?
5
Suppose 4*r - 242 = -26. Let j be (-4)/18 - (-1524)/r. Suppose 3*a = a + j. List the prime factors of a.
2, 7
Let m = 225 + -388. Let y = -100 - m. List the prime factors of y.
3, 7
Suppose 5*q = 4*q + 533. Let g = q + -319. What are the prime factors of g?
2, 107
Suppose 18 = -0*b - b. Let x = 234 - 213. Let p = x + b. What are the prime factors of p?
3
Let i(m) = -2*m**2 - 10*m - 7. Let x be i(-9). Let d = -39 - x. Suppose 4*h + 4*o - 108 = 0, -2*h + d + 14 = -4*o. List the prime factors of h.
3
Suppose h + 2*h = 27. Let p = 77 + -77. Suppose r - 19 = -p*r - 3*l, -3*l - h = -3*r. What are the prime factors of r?
7
Let t(z) = z**3 + 7*z**2 + 2*z - 4. Let g = -9 + 9. Suppose 0 = -3*v + 5*r - 2*r - 27, g = v - 2*r + 13. List the prime factors of t(v).
2, 3
Suppose -19*r - 150 = 154. Let o be -42*((-5)/2 + 1). Let h = r + o. List the prime factors of h.
47
Suppose 4*s = -5*h + 12013, -s = -2*h - 2*s + 4804. List the prime factors of h.
7
Let d = -1 - -7. Suppose 0 = -0*s - s + d. Suppose 4*m = 4*o - 128, o + 3*m = 6 + s. What are the prime factors of o?
3
Let u(a) = -a**2 - 33*a + 2625. List the prime factors of u(0).
3, 5, 7
Let s(p) = p**3 + 11*p**2 + 2*p + 27. Let c be s(-11). Suppose u - q - 10 = 0, -u - c*q + 54 = 2*u. List the prime factors of u.
13
Suppose 3*o = -4*j + 2849, -2*j = -4*o + j + 3782. List the prime factors of o.
947
Let b be ((-2)/4)/((-6)/564). Let p be (-2)/8 - 198/8. Let u = b + p. List the prime factors of u.
2, 11
Let d(c) = c**2 - 13*c + 4. Let j(u) = -u + 4. Let p be j(-9). Let k be d(p). Suppose y - 154 = -k*t + 3*y, 0 = 2*y - 10. List the prime factors of t.
41
Let h(z) be the first derivative of z**3/3 - z**2 + 6*z - 2. Let q = 108 - 111. What are the prime factors of h(q)?
3, 7
Let m be (48/5)/2 - 2/(-10). Suppose -23 = -m*z + 7. List the prime factors of z.
2, 3
Suppose 2*d = -5*s - 50, 5*s + 45 = -4*d + d. Let w = s + 47. Suppose 4*p + p - w = 0. What are the prime factors of p?
7
Let x(w) = -2*w - 30. Let v be x(0). Let u be (v/(-4))/3*44. Suppose 0*t + u = 5*t. What are the prime factors of t?
2, 11
Let d(l) = -54*l - 20. What are the prime factors of d(-4)?
2, 7
List the prime factors of (2 - 2) + (-3)/3 + 456.
5, 7, 13
Suppose r - d - 302 = 0, -r - 102 = -4*d - 398. What ar